{"id":4408,"date":"2017-07-01T16:53:07","date_gmt":"2017-07-01T15:53:07","guid":{"rendered":"http:\/\/www.l-plan.si\/es\/?page_id=4408"},"modified":"2026-01-23T08:04:16","modified_gmt":"2026-01-23T07:04:16","slug":"calibraciones-y-verificaciones-de-los-instrumentos-de-medicion","status":"publish","type":"page","link":"https:\/\/www.l-plan.si\/es\/servicios\/calibraciones-y-verificaciones-de-los-instrumentos-de-medicion\/","title":{"rendered":"Calibraciones y verificaciones de los instrumentos de medici\u00f3n"},"content":{"rendered":"[vc_row][vc_column][vc_column_text]\n<h4 style=\"text-align: center;\"><strong>La inspecci\u00f3n \/ calibraci\u00f3n de man\u00f3metros<\/strong><\/h4>\n<h4 style=\"text-align: center;\"><strong>Un enfoque innovador con el sistema de manejo de datos para calibraciones ya desde el a\u00f1o 1992.<\/strong><\/h4>\n[\/vc_column_text][\/vc_column][\/vc_row][vc_row][vc_column][vc_single_image image=\u00bb2408&#8243; img_size=\u00bbfull\u00bb alignment=\u00bbcenter\u00bb onclick=\u00bbcustom_link\u00bb link=\u00bbhttps:\/\/www.l-plan.si\/produkti\/manotest\/\u00bb][\/vc_column][\/vc_row][vc_row][vc_column][vc_column_text]<strong>La inspecci\u00f3n \/ calibraci\u00f3n de los man\u00f3mentros se realiza con el equipo desarrollado y fabricado en la empresa L-PLAN<\/strong><\/p>\n<p>Los m\u00e9todos y equipos de calibraci\u00f3n cumplen los siguientes requisitos:<\/p>\n<ul>\n<li>EA-10\/17 Directrices de EA para la calibraci\u00f3n de man\u00f3metros electromec\u00e1nicos, julio de 2002<\/li>\n<li>DKD-R 6-1 Calibraci\u00f3n de los man\u00f3metros, enero de 2003<\/li>\n<li>ISO \/ IEC 17025: 2005 Requisitos generales para la competencia de los laboratorios de comprobaciones y calibraciones<\/li>\n<li>Man\u00f3metros \u2013 Parte 1: Man\u00f3metros de tubo de Bourdon \u2013 dimensiones, metrolog\u00eda, requisitos y comprobaciones<\/li>\n<li>Man\u00f3metros \u2013 Parte 3: Man\u00f3metros de membrana y c\u00e1psula \u2013 dimensiones, metrolog\u00eda, requisitos y comprobaciones<\/li>\n<li>OIML R 23, edici\u00f3n de 1975 Man\u00f3metros de neum\u00e1ticos para veh\u00edculos de motor<\/li>\n<\/ul>\n<p>Estamos acreditados y autorizados por:<\/p>\n<ul>\n<li><a href=\"https:\/\/www.l-plan.si\/reference\/certifikati-imenovanja-in-pooblastila\/\">Instituto Esloveno de Acreditaci\u00f3n<\/a><\/li>\n<li><a href=\"https:\/\/www.l-plan.si\/reference\/certifikati-imenovanja-in-pooblastila\/\">Bureau Veritas<\/a><\/li>\n<\/ul>\n[\/vc_column_text][vc_column_text]\n<p>L-plan[\/vc_column_text][\/vc_column][\/vc_row][vc_row full_width=\u00bbstretch_row\u00bb content_placement=\u00bbmiddle\u00bb css=\u00bb.vc_custom_1477564398474{padding-bottom: 30px !important;background-color: #ffffff !important;}\u00bb el_class=\u00bbbackground-image-left\u00bb][vc_column][vc_custom_heading text=\u00bbProductos recientes\u00bb use_theme_fonts=\u00bbyes\u00bb el_class=\u00bbtitle\u00bb css=\u00bb.vc_custom_1498924408961{margin-bottom: 60px !important;}\u00bb][vc_row_inner][vc_column_inner width=\u00bb1\/4&#8243;][vc_single_image image=\u00bb2960&#8243; img_size=\u00bbfull\u00bb alignment=\u00bbcenter\u00bb onclick=\u00bbcustom_link\u00bb link=\u00bbhttps:\/\/www.l-plan.si\/produkti\/atum-c\/\u00bb][\/vc_column_inner][vc_column_inner width=\u00bb1\/4&#8243;][vc_single_image image=\u00bb2951&#8243; img_size=\u00bbfull\u00bb alignment=\u00bbcenter\u00bb onclick=\u00bbcustom_link\u00bb link=\u00bbhttps:\/\/www.l-plan.si\/produkti\/zaviralnik\/\u00bb][\/vc_column_inner][vc_column_inner width=\u00bb1\/4&#8243;][vc_single_image image=\u00bb2959&#8243; img_size=\u00bbfull\u00bb alignment=\u00bbcenter\u00bb onclick=\u00bbcustom_link\u00bb link=\u00bbhttps:\/\/www.l-plan.si\/produkti\/atum-h\/\u00bb][\/vc_column_inner][vc_column_inner width=\u00bb1\/4&#8243;][vc_single_image image=\u00bb2964&#8243; img_size=\u00bbfull\u00bb alignment=\u00bbcenter\u00bb onclick=\u00bbcustom_link\u00bb link=\u00bbhttps:\/\/www.l-plan.si\/produkti\/mobilni-test-ventilov\/\u00bb][\/vc_column_inner][\/vc_row_inner][\/vc_column][\/vc_row][vc_row css=\u00bb.vc_custom_1479979978909{background-color: #3c3c3c !important;}\u00bb][vc_column][vc_custom_heading text=\u00bbProyectos recientes y noticias\u00bb font_container=\u00bbtag:h2|text_align:left|color:%23ffffff\u00bb use_theme_fonts=\u00bbyes\u00bb el_class=\u00bbtitle\u00bb css=\u00bb.vc_custom_1498924419752{margin-bottom: 60px !important;}\u00bb][vc_basic_grid post_type=\u00bbpost\u00bb max_items=\u00bb3&#8243; item=\u00bb3808&#8243; grid_id=\u00bbvc_gid:1498924492086-413fac73-b529-10&#8243;][\/vc_column][\/vc_row]\n","protected":false},"excerpt":{"rendered":"<p>[vc_row][vc_column][vc_column_text] La inspecci\u00f3n \/ calibraci\u00f3n de man\u00f3metros Un enfoque innovador con el sistema de manejo de datos para calibraciones ya desde el a\u00f1o 1992. [\/vc_column_text][\/vc_column][\/vc_row][vc_row][vc_column][vc_single_image image=\u00bb2408&#8243; img_size=\u00bbfull\u00bb alignment=\u00bbcenter\u00bb onclick=\u00bbcustom_link\u00bb link=\u00bbhttps:\/\/www.l-plan.si\/produkti\/manotest\/\u00bb][\/vc_column][\/vc_row][vc_row][vc_column][vc_column_text]La inspecci\u00f3n \/ calibraci\u00f3n de los man\u00f3mentros se realiza con el &hellip;<\/p>\n","protected":false},"author":7,"featured_media":0,"parent":4388,"menu_order":5,"comment_status":"closed","ping_status":"closed","template":"","meta":{"footnotes":""},"aioseo_notices":[],"_links":{"self":[{"href":"https:\/\/www.l-plan.si\/es\/wp-json\/wp\/v2\/pages\/4408"}],"collection":[{"href":"https:\/\/www.l-plan.si\/es\/wp-json\/wp\/v2\/pages"}],"about":[{"href":"https:\/\/www.l-plan.si\/es\/wp-json\/wp\/v2\/types\/page"}],"author":[{"embeddable":true,"href":"https:\/\/www.l-plan.si\/es\/wp-json\/wp\/v2\/users\/7"}],"replies":[{"embeddable":true,"href":"https:\/\/www.l-plan.si\/es\/wp-json\/wp\/v2\/comments?post=4408"}],"version-history":[{"count":5,"href":"https:\/\/www.l-plan.si\/es\/wp-json\/wp\/v2\/pages\/4408\/revisions"}],"predecessor-version":[{"id":5446,"href":"https:\/\/www.l-plan.si\/es\/wp-json\/wp\/v2\/pages\/4408\/revisions\/5446"}],"up":[{"embeddable":true,"href":"https:\/\/www.l-plan.si\/es\/wp-json\/wp\/v2\/pages\/4388"}],"wp:attachment":[{"href":"https:\/\/www.l-plan.si\/es\/wp-json\/wp\/v2\/media?parent=4408"}],"curies":[{"name":"wp","href":"https:\/\/api.w.org\/{rel}","templated":true}]}}

Calibraciones y verificaciones de los instrumentos de medición

[vc_row][vc_column][vc_column_text]
<h4 style="text-align: center;"><strong>La inspección / calibración de manómetros</strong></h4>
<h4 style="text-align: center;"><strong>Un enfoque innovador con el sistema de manejo de datos para calibraciones ya desde el año 1992.</strong></h4>
[/vc_column_text][/vc_column][/vc_row][vc_row][vc_column][vc_single_image image=»2408&#8243; img_size=»full» alignment=»center» onclick=»custom_link» link=»https://www.l-plan.si/produkti/manotest/»][/vc_column][/vc_row][vc_row][vc_column][vc_column_text]<strong>La inspección / calibración de los manómentros se realiza con el equipo desarrollado y fabricado en la empresa L-PLAN</strong></p>
<p>Los métodos y equipos de calibración cumplen los siguientes requisitos:</p>
<ul>
<li>EA-10/17 Directrices de EA para la calibración de manómetros electromecánicos, julio de 2002</li>
<li>DKD-R 6-1 Calibración de los manómetros, enero de 2003</li>
<li>ISO / IEC 17025: 2005 Requisitos generales para la competencia de los laboratorios de comprobaciones y calibraciones</li>
<li>Manómetros – Parte 1: Manómetros de tubo de Bourdon – dimensiones, metrología, requisitos y comprobaciones</li>
<li>Manómetros – Parte 3: Manómetros de membrana y cápsula – dimensiones, metrología, requisitos y comprobaciones</li>
<li>OIML R 23, edición de 1975 Manómetros de neumáticos para vehículos de motor</li>
</ul>
<p>Estamos acreditados y autorizados por:</p>
<ul>
<li><a href="https://www.l-plan.si/reference/certifikati-imenovanja-in-pooblastila/">Instituto Esloveno de Acreditación</a></li>
<li><a href="https://www.l-plan.si/reference/certifikati-imenovanja-in-pooblastila/">Bureau Veritas</a></li>
</ul>
[/vc_column_text][vc_column_text]
<p>L-plan[/vc_column_text][/vc_column][/vc_row][vc_row full_width=»stretch_row» content_placement=»middle» css=».vc_custom_1477564398474{padding-bottom: 30px !important;background-color: #ffffff !important;}» el_class=»background-image-left»][vc_column][vc_custom_heading text=»Productos recientes» use_theme_fonts=»yes» el_class=»title» css=».vc_custom_1498924408961{margin-bottom: 60px !important;}»][vc_row_inner][vc_column_inner width=»1/4&#8243;][vc_single_image image=»2960&#8243; img_size=»full» alignment=»center» onclick=»custom_link» link=»https://www.l-plan.si/produkti/atum-c/»][/vc_column_inner][vc_column_inner width=»1/4&#8243;][vc_single_image image=»2951&#8243; img_size=»full» alignment=»center» onclick=»custom_link» link=»https://www.l-plan.si/produkti/zaviralnik/»][/vc_column_inner][vc_column_inner width=»1/4&#8243;][vc_single_image image=»2959&#8243; img_size=»full» alignment=»center» onclick=»custom_link» link=»https://www.l-plan.si/produkti/atum-h/»][/vc_column_inner][vc_column_inner width=»1/4&#8243;][vc_single_image image=»2964&#8243; img_size=»full» alignment=»center» onclick=»custom_link» link=»https://www.l-plan.si/produkti/mobilni-test-ventilov/»][/vc_column_inner][/vc_row_inner][/vc_column][/vc_row][vc_row css=».vc_custom_1479979978909{background-color: #3c3c3c !important;}»][vc_column][vc_custom_heading text=»Proyectos recientes y noticias» font_container=»tag:h2|text_align:left|color:%23ffffff» use_theme_fonts=»yes» el_class=»title» css=».vc_custom_1498924419752{margin-bottom: 60px !important;}»][vc_basic_grid post_type=»post» max_items=»3&#8243; item=»3808&#8243; grid_id=»vc_gid:1498924492086-413fac73-b529-10&#8243;][/vc_column][/vc_row]

<p>[vc_row][vc_column][vc_column_text] La inspección / calibración de manómetros Un enfoque innovador con el sistema de manejo de datos para calibraciones ya desde el año 1992. [/vc_column_text][/vc_column][/vc_row][vc_row][vc_column][vc_single_image image=»2408&#8243; img_size=»full» alignment=»center» onclick=»custom_link» link=»https://www.l-plan.si/produkti/manotest/»][/vc_column][/vc_row][vc_row][vc_column][vc_column_text]La inspección / calibración de los manómentros se realiza con el &hellip;</p>
